-14*d**3/3 + 7*d**2 - 14*d - 3. Let g be p(10). What is the tens digit of 8/6 + g/(-21)?
6
Let j = -2590 - -3691. What is the thousands digit of j?
1
Let q = -11 - -2. Let s(y) = y**3 + 12*y**2 + 2*y + 4. What is the units digit of s(q)?
9
Let n be 3/9*3*13. What is the units digit of 106/7 - n/91?
5
Let p = 11669 + -6717. What is the hundreds digit of p?
9
Suppose 0 - 6 = -3*z. What is the tens digit of (-13446)/(-153) + z/17?
8
Let m(u) = -u**3 - 1. Let d(h) = 3*h**3 - 10*h**2 - 9*h - 10. Let i(l) = d(l) + 4*m(l). What is the units digit of i(-10)?
6
Suppose -2*y = y - 15. Suppose 0 = -y*f - 50 - 10. What is the tens digit of (-4 + 3)*f*1?
1
Suppose 3*h = -4*w + 2*h + 13549, w - 3411 = -5*h. What is the tens digit of w?
8
Let p be ((-1 - -3) + -3)*0. Suppose p = g - 4*g + 21. What is the tens digit of 4*(g + -1 + 0)?
2
Suppose -5*h + 9*h + 20 = 0. Let b(m) = -m**3 - 2*m**2 + m - 1. What is the tens digit of b(h)?
6
Let d = -6 + 16. Let t = -6 + d. What is the units digit of t?
4
Let a = 12 + -14. What is the tens digit of 93 - (-2 + 4/a)?
9
Suppose 3*y = -p + 972 + 469, 0 = -5*p + 2*y + 7171. What is the units digit of p?
5
Suppose 5*y + 5 = 5*z, -4*y - 13 = -3*z - 4. What is the hundreds digit of ((-51)/8)/(y/88)*2?
1
Suppose a - 8*p + 3*p - 130 = 0, 0 = -2*a + 3*p + 281. What is the tens digit of a?
4
Let g be (10 + 0)/((-10)/(-185)). Let i be 4/(-10) - (-36)/15. Suppose -i*o = 5*q - g, 4*q - 129 = -2*o + 19. What is the units digit of q?
7
Let z(k) = k**3 + 23*k**2 - 22*k + 177. What is the thousands digit of z(-21)?
1
Let o = 40 + -33. Let t(j) = j**2 - 3*j + 2. Let r be t(3). Suppose -o*x + 135 = -r*x. What is the tens digit of x?
2
Let a(f) = -9*f**2 + f**3 - 11*f**2 + 11*f**2 - 11*f + 10. Let k be a(10). Suppose k = -12*h + 7*h + 5. What is the units digit of h?
1
Let o(u) = 115*u**2 + 22*u + 68. What is the units digit of o(-3)?
7
Suppose 0 = -2*l - 3*l + 655. Let c = l - 125. What is the units digit of c?
6
Suppose -5*v + z + 14 = 0, -3*v + 3*z - 6*z = -12. Suppose -2*u - 50 = -v*d, 8*d + 2*u = 3*d + 62. What is the units digit of d?
4
Suppose -6*p + 2*p - 84 = 0. Suppose 12*f + 0*f + 84 = 0. What is the units digit of (6/p)/(f/98)?
4
Suppose z - 6*i = -5*i + 51, 102 = 2*z + 2*i. Suppose k + 13 = z. Suppose -d + k = 4. What is the units digit of d?
4
Let j(b) = -b**3 + b**2 + 4*b - 2. Let i be j(3). Let z be 1/(-4)*0 - i. What is the tens digit of 250/z + (-3)/12?
3
Suppose -105348 = -26*w + 60064. What is the thousands digit of w?
6
Suppose 5*s - 4*r - 24 = 0, -4*s + 4*r = -3*s - 8. Suppose 4*a + g = 26, 0*g = -2*a - s*g + 20. What is the units digit of a?
6
Suppose -5*u - 4*p = -16480, u - p + 16480 = 6*u. What is the units digit of u?
6
Let t be (-750)/(4 - 1)*-1. Suppose -t = -m - m. What is the hundreds digit of m?
1
Let g(l) = 3*l**2 - 1. What is the tens digit of g(9)?
4
Let q = -33 - -35. What is the units digit of (-10)/(168/44 + q + -6)?
5
Let p be (-3)/(-4)*(-40)/(-15). Suppose -p*w + 2*q = -4*w, 0 = -4*w + 4*q + 16. Suppose -49 = -h - w. What is the units digit of h?
7
Let a(q) = q**3 - 10*q**2 - q + 10. Let t be a(10). Suppose 3*g - 2 - 4 = t. Suppose -g*p + 17 = -7. What is the tens digit of p?
1
Let t = -4757 + 10461. What is the tens digit of (((-18)/(-8))/3)/(23/t)?
8
Suppose -8 = n - 0*f - 3*f, 0 = -2*f. Let y be 2/n - 75/20. What is the tens digit of (-3 + 7)/y + 32?
3
Suppose -38*f + 21*f = -62713. What is the hundreds digit of f?
6
Suppose 0 = -13*d + 20*d - 3171. What is the hundreds digit of d?
4
Let s(v) be the first derivative of -6*v**2 - 8*v + 4. Let k be s(-4). Suppose -3*i - i = -k. What is the tens digit of i?
1
Let n(t) = -8*t**3 + t**2 - 3*t + 3. Let v be n(2). Let o = v + 127. What is the tens digit of o?
6
Let w = 126 - 123. Suppose 2*p + 1190 = 5*a, p = 4*a - w*p - 964. What is the units digit of a?
6
Let z = -74 - -77. What is the tens digit of ((-4)/z)/(8/(-588))?
9
Suppose -5*k + 5*x + 1294 = -531, 5*k - 1830 = 4*x. Suppose -5*t + k = 65. What is the units digit of t?
1
What is the hundreds digit of 4/(-8)*(-1539 + -4 + 1)?
7
Suppose 2*b = -c + 3268, 0 = -4*c - 2*b + 4486 + 8556. What is the units digit of c?
8
Suppose 73 = -4*j + 5*u, -5*u + 85 = -8*j + 3*j. Let l = 79 - 110. Let g = j - l. What is the units digit of g?
9
Suppose 5*d + 808 = 2*i, -i = -3*d - 294 - 110. What is the tens digit of i?
0
Let n(l) = -69*l - 62. What is the hundreds digit of n(-10)?
6
Suppose 636 = 3*k - 0*k. Let o = k - 107. What is the tens digit of o?
0
Let g(h) = 303*h - 13. What is the hundreds digit of g(1)?
2
Let o be 66/(-10) + (-56)/140. Let f(m) = m**2. What is the units digit of f(o)?
9
Suppose -27653 = -15*h - 6368. What is the units digit of h?
9
Let r(b) = -542*b + 30. What is the units digit of r(-3)?
6
Let v(k) = k**2 - 7*k - 7. Suppose -5*l - 419 = 3*s, -2*s + 237 = -3*l + s. Let h be 8/64 - l/(-16). What is the tens digit of v(h)?
5
Let g = 17 + -33. Let z = 83 + g. What is the tens digit of z?
6
Let w(v) = 2*v**2 - v - 4. Let f be w(-2). Let p be f + (-4)/8*2. Suppose p*o + o - 228 = 0. What is the units digit of o?
8
Let q = -35 - -39. What is the units digit of (20/(-25))/(q/(-10))?
2
Let b(p) = p**3 + 9*p**2 - 11*p - 6. Let o be b(-10). Suppose o*r - 7 = 13. Suppose r*t = -10, -t = 5*j - 5*t - 13. What is the units digit of j?
1
Let u(s) be the second derivative of s**4/6 + 7*s**3/6 + s**2/2 + 7*s - 3. What is the tens digit of u(11)?
2
Suppose 6*s = -4 - 14. Let i(b) = -66*b - 23. What is the tens digit of i(s)?
7
Suppose 2*d = -3*y + 239, -5*y + 6*y - 103 = 4*d. What is the tens digit of y?
8
Suppose -4633 = 33*v - 36*v + 2*c, -5*c - 6182 = -4*v. What is the hundreds digit of v?
5
Suppose -2*p + 5*f + 102 = -3*p, f = 3*p + 338. Let q = 181 + p. What is the tens digit of q?
6
Let j be (-51)/(-9) + 2/6. Let u(y) = y**3 - 4*y**2 + 9*y - 3. What is the hundreds digit of u(j)?
1
Suppose -4*m = -5*d - 370, -4*m + 4*d = -m - 277. Let c = m + -2. What is the tens digit of c?
9
Suppose -5*r + 228 + 122 = 0. Let a be -6*(-10)/15*29. Let k = a - r. What is the tens digit of k?
4
What is the units digit of 7*(-10)/35 - -2659?
7
Let o = -1550 + 3470. What is the units digit of o?
0
Let t(n) = 14*n**2 + 0*n - n**3 + 27 - 15*n - 3*n + 2*n. What is the tens digit of t(11)?
1
Suppose -2*p + 2*h = -6*p + 1118, p - h - 284 = 0. What is the hundreds digit of p?
2
Let f be 0 - (10 - 2)/(-4). Let l = f + 12. Let v = -13 + l. What is the units digit of v?
1
Suppose h + j = -2*j + 10, 0 = 4*h - 4*j - 8. Suppose 10*i - 5*i - 235 = 0. Suppose -h*a + i = -53. What is the tens digit of a?
2
Let t(z) = 22*z - 2. Let a(d) = 44*d - 5. Let w(v) = 4*a(v) - 9*t(v). What is the units digit of w(-11)?
0
Suppose -3*p = 5*q + 10, -2*q - 30 = -0*p - 4*p. Suppose -2*c + 888 = n + 3*n, -p*c - 640 = -3*n. What is the hundreds digit of n?
2
Suppose 41*w = 50*w - 2691. What is the hundreds digit of w?
2
Let y(z) = 3*z + 12. Let h be y(13). Suppose h + 33 = 3*s. What is the units digit of s?
8
Let r(b) = 138*b - 2 - 7 + 53*b. What is the hundreds digit of r(1)?
1
Let s(n) = 1. Let c(a) = -125*a + 4. Let l(u) = 62*u - 2. Let p(j) = 3*c(j) + 7*l(j). Let m(d) = -p(d) - 3*s(d). What is the tens digit of m(-1)?
5
Let m = 141 - 50. Let a = 159 - m. Let s = a - 41. What is the tens digit of s?
2
Let c = -463 + 871. Suppose 2*d - 6*d = -c. What is the tens digit of d?
0
Let h(c) = 11*c + 7. Let u(r) = -22*r - 13. Let d(p) = 7*h(p) + 4*u(p). What is the units digit of d(-4)?
1
Let d be 3/(-7) - 3725/(-35). Let x = d - 39. What is the units digit of x?
7
Let r be 5952/(-90) + (-26)/30 + 1. Let x = 54 - r. What is the units digit of x?
0
Let d(x) = x**2 + 8*x - 11. Let i be d(-10). Suppose 3*y - 18 = i. Let a = 11 + y. What is the units digit of a?
0
Let x(a) = a + 4. Let k be x(-8). Let c be k/7 - 260/35. What is the tens digit of ((-88)/(-10))/(c/(-20))?
2
Suppose 5*v + 302*w = 301*w + 18270, -v + 5*w = -3680. What is the thousands digit of v?
3
Let r be 4/((-1)/(2 - 17)). Let g = 127 - r. Suppose 2*a = 33 + g. What is the tens digit of a?
5
Suppose -q + 3*z + 2846 = 777, 3*z = 2*q - 4138. What is the hundreds digit of q?
0
Let m(v) = -13*v**2 + 6*v - 10. Let t be m(3). Let x = -32 - t. What is the tens digit of x?
7
Let g(u) = -6*u**2 - 5*u 